491 a composite number?
True
Is 8459 a composite number?
True
Is 127859 composite?
False
Is 488929 a composite number?
True
Is 359549 composite?
False
Is 8809919 prime?
True
Is 169427 a composite number?
False
Is 2374 composite?
True
Is 83557 prime?
True
Is 2814673 a composite number?
True
Is 316481 a composite number?
True
Is 5675537 composite?
True
Is 1795357 a prime number?
False
Is 53842 prime?
False
Is 270191 prime?
True
Is 22229 a prime number?
True
Is 9871 a composite number?
False
Is 475469 prime?
True
Is 112733 prime?
False
Is 180071 a composite number?
False
Is 38149 a prime number?
True
Is 11903 a composite number?
False
Is 2251 a composite number?
False
Is 12589 a prime number?
True
Is 14239 a prime number?
False
Is 494519 prime?
True
Is 567394 a composite number?
True
Is 243737 prime?
False
Is 34019 prime?
True
Is 34469 composite?
False
Is 3748499 a prime number?
True
Is 106133 composite?
True
Is 79669 a prime number?
True
Is 13526 a prime number?
False
Is 2477 prime?
True
Is 73565 a composite number?
True
Is 1498609 a prime number?
False
Is 14901 composite?
True
Is 4083 composite?
True
Is 78359 composite?
True
Is 11791 a prime number?
False
Is 448111 composite?
False
Is 158 a prime number?
False
Is 9733 composite?
False
Is 221 composite?
True
Is 132571 a prime number?
False
Is 78707 composite?
False
Is 16331 a prime number?
False
Is 14429 composite?
True
Is 515737 a prime number?
True
Is 24253 prime?
False
Is 60419 prime?
False
Is 17231 composite?
False
Is 624441 prime?
False
Is 699733 a prime number?
True
Is 136567 a composite number?
True
Is 31721 composite?
False
Is 84629 composite?
False
Is 282959 prime?
True
Is 673 prime?
True
Is 527369 a composite number?
True
Is 34205 a prime number?
False
Is 9197 a prime number?
False
Is 4391 a composite number?
False
Is 3989 a composite number?
False
Is 5879 a composite number?
False
Is 347099 a prime number?
True
Is 132085 a prime number?
False
Is 8059 prime?
True
Is 22171 prime?
True
Is 907 a prime number?
True
Is 8353 composite?
False
Is 23857 prime?
True
Is 2181653 a prime number?
False
Is 11423 a composite number?
False
Is 17209 a composite number?
False
Is 1008191 prime?
False
Is 139 composite?
False
Is 168191 prime?
False
Is 20323 a composite number?
False
Is 3581 composite?
False
Is 5147 a prime number?
True
Is 518347 a composite number?
True
Is 6007 composite?
False
Is 15593 a prime number?
False
Is 2049458 prime?
False
Is 50989 a composite number?
False
Is 1043045 prime?
False
Is 31013 a composite number?
False
Is 26777 composite?
False
Is 71257 prime?
True
Is 13537 a prime number?
True
Is 1169741 prime?
True
Is 13577 a prime number?
True
Is 3163 a prime number?
True
Is 230189 prime?
True
Is 103643 a prime number?
True
Is 140183 a composite number?
True
Is 26671 composite?
True
Is 408563 prime?
True
Is 6599 composite?
False
Is 17939 a composite number?
False
Is 212369 a prime number?
True
Is 31303 composite?
True
Is 94181 a composite number?
True
Is 28199 a composite number?
True
Is 545521 a composite number?
False
Is 5737 a prime number?
True
Is 1512277 a composite number?
True
Is 59897 composite?
True
Is 80089 composite?
True
Is 426013 prime?
False
Is 11335 a composite number?
True
Is 1365297 a composite number?
True
Is 352511 composite?
False
Is 603257 a composite number?
False
Is 366766 composite?
True
Is 81583 a composite number?
True
Is 10211 prime?
True
Is 1193 composite?
False
Is 309559 a composite number?
False
Is 1026537 a composite number?
True
Is 1361 a prime number?
True
Is 172279 prime?
True
Is 122781 a prime number?
False
Is 1318099 prime?
True
Is 145 prime?
False
Is 12229 composite?
True
Is 157 prime?
True
Is 35753 a prime number?
True
Is 26869 composite?
True
Is 18301 prime?
True
Is 183683 a composite number?
False
Is 274 composite?
True
Is 313001 a prime number?
False
Is 2251 prime?
True
Is 636151 a prime number?
False
Is 2164453 composite?
False
Is 281341 prime?
False
Is 63641 a prime number?
False
Is 167605 composite?
True
Is 78599 prime?
False
Is 6607 prime?
True
Is 6323 composite?
False
Is 273613 a prime number?
True
Is 35421 a composite number?
True
Is 109789 prime?
True
Is 410759 prime?
True
Is 98726 prime?
False
Is 4837 prime?
False
Is 1255 a composite number?
True
Is 1250927 composite?
True
Is 69145 composite?
True
Is 292889 prime?
False
Is 4267 prime?
False
Is 34739 prime?
True
Is 88463 prime?
True
Is 34246 prime?
False
Is 40389 a composite number?
True
Is 979 composite?
True
Is 13939 prime?
False
Is 7477 composite?
False
Is 20219 prime?
True
Is 3271 a prime number?
True
Is 105695 prime?
False
Is 571971 composite?
True
Is 321601 composite?
True
Is 102799 a prime number?
False
Is 83843 a composite number?
False
Is 61669 a composite number?
True
Is 12981 prime?
False
Is 6843 a composite number?
True
Is 102385 composite?
True
Is 52723 prime?
False
Is 2269 a prime number?
True
Is 8317 prime?
True
Is 496561 prime?
False
Is 5342451 a composite number?
True
Is 20411 prime?
True
Is 259 a composite number?
True
Is 10453 a prime number?
True
Is 670727 prime?
True
Is 9517 prime?
False
Is 34601 prime?
False
Is 11411 a composite number?
False
Is 1559 a prime number?
True
Is 377051 prime?
True
Is 10 a prime number?
False
Is 448303 composite?
False
Is 5294231 a prime number?
True
Is 16201 a prime number?
False
Is 228707 a prime number?
True
Is 28511 a prime number?
False
Is 96137 a prime number?
True
Is 8465 a composite number?
True
Is 349099 a composite number?
False
Is 49873 a prime number?
False
Is 36037 prime?
True
Is 1367 prime?
True
Is 345599 a composite number?
False
Is 779 a composite number?
True
Is 205369 prime?
False
Is 84163 a prime number?
True
Is 51139 a prime number?
False
Is 20849 a composite number?
False
Is 7123 prime?
False
Is 143482 a composite number?
True
Is 69283 a prime number?
False
Is 10553 a composite number?
True
Is 1217 prime?
True
Is 144745 composite?
True
Is 7606 prime?
False
Is 74647 prime?
False
Is 2136161 prime?
False
Is 2191687 composite?
False
Is 13085 a composite number?
True
Is 813019 prime?
False
Is 1901 a composite number?
False
Is 23239 composite?
True
Is 2350993 prime?
True
Is 147943 a composite number?
True
Is 10581 prime?
False
Is 3416991 a composite number?
True
Is 70901 a composite number?
False
Is 662881 a prime number?
False
Is 101581 prime?
True
Is 1329893 prime?
False
Is 52963 a prime number?
True
Is 71411 prime?
True
Is 735127 prime?
False
Is 9407 prime?
False
Is 29966 prime?
False
Is 130807 prime?
True
Is 1277 a prime number?
True
Is 290929 prime?
False
Is 65597 prime?
False
Is 5649523 prime?
False
Is 376949 a prime number?
True
Is 34123 a composite number?
False
Is 4621 composite?
False
Is 82653 a prime number?
False
Is 33827 a composite number?
False
Is 11593 prime?
True
Is 1002341 prime?
True
Is 8779 a composite number?
False
Is 888389 a prime number?
True
Is 54037 composite?
False
Is 7933 composite?
False
Is 42589 a composite number?
False
Is 33149 composite?
False
Is 5507 composite?
False
Is 12481 composite?
True
Is 582931 a composite number?
False
Is 7349 composite?
False
Is 95549 a prime number?
True
Is 148177 a composite number?
True
Is 37667 a composite number?
True
Is 29911 a composite number?
True
Is 398135 composite?
True
Is 17291 prime?
True
Is 3761 composite?
False
Is 114073 prime?
True
Is 82437 composite?
True
Is 30409 prime?
False
Is 34053 a composite number?
True
Is 24355 prime?
False
Is 8501 a prime number?
True
Is 20777 a prime number?
False
Is 139589 prime?
True
Is 42043 a composite number?
False
Is 62617 composite?
False
Is 101917 a prime number?
True
Is 2761 a composite number?
True
Is 182255 composite?
True
Is 12239 a prime number?
True
Is 4034 a composite number?
True
Is 8461 a composite number?
False
Is 556685 a prime number?
False
Is 44699 composite?
False
Is 380621 a composite number?
False
Is 13 composite?
False
Is 3777 composite?
True
Is 6937 composite?
True
Is 67391 prime?
True
Is 57637 a prime number?
True
Is 103882 a composite number?
True
Is 21309 composite?
True
Is 132749 prime?
True
Is 14677 prime?
False
Is 7499 composite?
False
Is 15619 a composite number?
False
Is 283447 a prime number?
True
Is 49727 prime?
True
Is 2180951 composite?
True
Is 1011191 a prime number?
True
Is 